{"id":2103,"date":"2019-01-23T06:31:31","date_gmt":"2019-01-23T06:31:31","guid":{"rendered":"https:\/\/shop.webio.vn\/2\/about-us\/"},"modified":"2024-07-14T03:43:48","modified_gmt":"2024-07-14T03:43:48","slug":"gioi-thieu","status":"publish","type":"page","link":"https:\/\/shop.webio.vn\/2\/gioi-thieu\/","title":{"rendered":"Gi\u1edbi thi\u1ec7u"},"content":{"rendered":"\t\t<div data-elementor-type=\"wp-post\" data-elementor-id=\"2103\" class=\"elementor elementor-2103\">\n\t\t\t\t<div class=\"elementor-element elementor-element-3abe811 e-flex e-con-boxed e-con e-parent\" data-id=\"3abe811\" data-element_type=\"container\" data-e-type=\"container\" data-settings=\"{&quot;background_background&quot;:&quot;classic&quot;}\">\n\t\t\t\t\t<div class=\"e-con-inner\">\n\t\t<div class=\"elementor-element elementor-element-2dac9ec e-con-full e-flex e-con e-child\" data-id=\"2dac9ec\" data-element_type=\"container\" data-e-type=\"container\">\n\t\t\t\t<div class=\"elementor-element elementor-element-0d54e83 elementor-widget elementor-widget-heading\" data-id=\"0d54e83\" data-element_type=\"widget\" data-e-type=\"widget\" data-widget_type=\"heading.default\">\n\t\t\t\t<div class=\"elementor-widget-container\">\n\t\t\t\t\t<h1 class=\"elementor-heading-title elementor-size-default\">V\u1ec1 \u00c1nh D\u01b0\u01a1ng Garden<\/h1>\t\t\t\t<\/div>\n\t\t\t\t<\/div>\n\t\t\t\t<\/div>\n\t\t\t\t\t<\/div>\n\t\t\t\t<\/div>\n\t\t<div class=\"elementor-element elementor-element-dfb6483 e-flex e-con-boxed e-con e-parent\" data-id=\"dfb6483\" data-element_type=\"container\" data-e-type=\"container\">\n\t\t\t\t\t<div class=\"e-con-inner\">\n\t\t<div class=\"elementor-element elementor-element-37fb8a0 e-con-full e-flex e-con e-child\" data-id=\"37fb8a0\" data-element_type=\"container\" data-e-type=\"container\">\n\t\t\t\t<div class=\"elementor-element elementor-element-40502d3 elementor-widget elementor-widget-icon-box\" data-id=\"40502d3\" data-element_type=\"widget\" data-e-type=\"widget\" data-widget_type=\"icon-box.default\">\n\t\t\t\t<div class=\"elementor-widget-container\">\n\t\t\t\t\t\t\t<div class=\"elementor-icon-box-wrapper\">\n\n\t\t\t\n\t\t\t\t\t\t<div class=\"elementor-icon-box-content\">\n\n\t\t\t\t\n\t\t\t\t\t\t\t\t\t<p class=\"elementor-icon-box-description\">\n\t\t\t\t\t\t\u00c1nh D\u01b0\u01a1ng Garden kh\u00f4ng ch\u1ec9 l\u00e0 m\u1ed9t c\u00f4ng ty c\u00e2y xanh, m\u00e0 c\u00f2n l\u00e0 m\u1ed9t c\u1ed9ng \u0111\u1ed3ng \u0111am m\u00ea v\u1edbi s\u1ee9 m\u1ec7nh t\u1ea1o ra nh\u1eefng kh\u00f4ng gian s\u1ed1ng xanh, l\u00e0nh m\u1ea1nh v\u00e0 b\u1ec1n v\u1eefng. V\u1edbi ni\u1ec1m tin r\u1eb1ng c\u00e2y xanh kh\u00f4ng ch\u1ec9 l\u00e0 ph\u1ea7n c\u1ee7a thi\u00ean nhi\u00ean m\u00e0 c\u00f2n l\u00e0 \"nh\u00e2n lo\u1ea1i thu nh\u1ecf,\" ch\u00fang t\u00f4i cam k\u1ebft mang l\u1ea1i gi\u00e1 tr\u1ecb th\u1ef1c s\u1ef1 cho c\u1ea3 c\u1ed9ng \u0111\u1ed3ng.\t\t\t\t\t<\/p>\n\t\t\t\t\n\t\t\t<\/div>\n\t\t\t\n\t\t<\/div>\n\t\t\t\t\t\t<\/div>\n\t\t\t\t<\/div>\n\t\t\t\t<div class=\"elementor-element elementor-element-e746587 elementor-widget elementor-widget-icon-box\" data-id=\"e746587\" data-element_type=\"widget\" data-e-type=\"widget\" data-widget_type=\"icon-box.default\">\n\t\t\t\t<div class=\"elementor-widget-container\">\n\t\t\t\t\t\t\t<div class=\"elementor-icon-box-wrapper\">\n\n\t\t\t\n\t\t\t\t\t\t<div class=\"elementor-icon-box-content\">\n\n\t\t\t\t\t\t\t\t\t<h3 class=\"elementor-icon-box-title\">\n\t\t\t\t\t\t<span  >\n\t\t\t\t\t\t\tC\u00e1c d\u1ecbch v\u1ee5 cung c\u1ea5p bao g\u1ed3m\t\t\t\t\t\t<\/span>\n\t\t\t\t\t<\/h3>\n\t\t\t\t\n\t\t\t\t\t\t\t\t\t<p class=\"elementor-icon-box-description\">\n\t\t\t\t\t\tMua b\u00e1n, kinh doanh c\u00e1c lo\u1ea1i c\u00e2y<br>\nD\u1ecbch v\u1ee5 ch\u1eb7t c\u00e2y xanh t\u1ea1i nh\u00e0<br>\nD\u1ecbch v\u1ee5 c\u1eaft t\u1ec9a c\u00e2y xanh s\u00e2n v\u01b0\u1eddn<br>\nD\u1ecbch v\u1ee5 di d\u1eddi c\u00e2y xanh<br>\nD\u1ecbch v\u1ee5 tr\u1ed3ng m\u1edbi c\u00e2y xanh<br>\nThi c\u00f4ng &amp; ch\u0103m s\u00f3c s\u00e2n v\u01b0\u1eddn\t\t\t\t\t<\/p>\n\t\t\t\t\n\t\t\t<\/div>\n\t\t\t\n\t\t<\/div>\n\t\t\t\t\t\t<\/div>\n\t\t\t\t<\/div>\n\t\t\t\t<div class=\"elementor-element elementor-element-bd64663 elementor-widget elementor-widget-icon-box\" data-id=\"bd64663\" data-element_type=\"widget\" data-e-type=\"widget\" data-widget_type=\"icon-box.default\">\n\t\t\t\t<div class=\"elementor-widget-container\">\n\t\t\t\t\t\t\t<div class=\"elementor-icon-box-wrapper\">\n\n\t\t\t\n\t\t\t\t\t\t<div class=\"elementor-icon-box-content\">\n\n\t\t\t\t\t\t\t\t\t<h3 class=\"elementor-icon-box-title\">\n\t\t\t\t\t\t<span  >\n\t\t\t\t\t\t\tCam K\u1ebft B\u1ec1n V\u1eefng\t\t\t\t\t\t<\/span>\n\t\t\t\t\t<\/h3>\n\t\t\t\t\n\t\t\t\t\t\t\t\t\t<p class=\"elementor-icon-box-description\">\n\t\t\t\t\t\tCh\u00fang t\u00f4i cam k\u1ebft \u0111\u1ea3m b\u1ea3o m\u1ecdi d\u1ef1 \u00e1n c\u1ee7a m\u00ecnh \u0111\u1ec1u tu\u00e2n th\u1ee7 c\u00e1c ti\u00eau chu\u1ea9n b\u1ec1n v\u1eefng v\u00e0 hi\u1ec7u qu\u1ea3 n\u0103ng l\u01b0\u1ee3ng. B\u1eb1ng c\u00e1ch n\u00e0y, ch\u00fang t\u00f4i \u0111\u00f3ng g\u00f3p v\u00e0o vi\u1ec7c x\u00e2y d\u1ef1ng m\u1ed9t t\u01b0\u01a1ng lai xanh h\u01a1n.\t\t\t\t\t<\/p>\n\t\t\t\t\n\t\t\t<\/div>\n\t\t\t\n\t\t<\/div>\n\t\t\t\t\t\t<\/div>\n\t\t\t\t<\/div>\n\t\t\t\t<\/div>\n\t\t<div class=\"elementor-element elementor-element-537766d e-con-full e-flex e-con e-child\" data-id=\"537766d\" data-element_type=\"container\" data-e-type=\"container\">\n\t\t\t\t<div class=\"elementor-element elementor-element-f1106f1 elementor-widget elementor-widget-image\" data-id=\"f1106f1\" data-element_type=\"widget\" data-e-type=\"widget\" data-widget_type=\"image.default\">\n\t\t\t\t<div class=\"elementor-widget-container\">\n\t\t\t\t\t\t\t\t\t\t\t\t\t\t\t<img fetchpriority=\"high\" decoding=\"async\" width=\"1000\" height=\"1000\" src=\"https:\/\/shop.webio.vn\/2\/wp-content\/uploads\/sites\/2\/2019\/01\/plant4-free-img-1.jpg\" class=\"attachment-large size-large wp-image-1999\" alt=\"\" srcset=\"https:\/\/shop.webio.vn\/2\/wp-content\/uploads\/sites\/2\/2019\/01\/plant4-free-img-1.jpg 1000w, https:\/\/shop.webio.vn\/2\/wp-content\/uploads\/sites\/2\/2019\/01\/plant4-free-img-1-300x300.jpg 300w, https:\/\/shop.webio.vn\/2\/wp-content\/uploads\/sites\/2\/2019\/01\/plant4-free-img-1-150x150.jpg 150w, https:\/\/shop.webio.vn\/2\/wp-content\/uploads\/sites\/2\/2019\/01\/plant4-free-img-1-768x768.jpg 768w, https:\/\/shop.webio.vn\/2\/wp-content\/uploads\/sites\/2\/2019\/01\/plant4-free-img-1-600x600.jpg 600w, https:\/\/shop.webio.vn\/2\/wp-content\/uploads\/sites\/2\/2019\/01\/plant4-free-img-1-100x100.jpg 100w\" sizes=\"(max-width: 1000px) 100vw, 1000px\" \/>\t\t\t\t\t\t\t\t\t\t\t\t\t\t\t<\/div>\n\t\t\t\t<\/div>\n\t\t\t\t<\/div>\n\t\t\t\t\t<\/div>\n\t\t\t\t<\/div>\n\t\t<div class=\"elementor-element elementor-element-f86e79b e-flex e-con-boxed e-con e-parent\" data-id=\"f86e79b\" data-element_type=\"container\" data-e-type=\"container\" data-settings=\"{&quot;background_background&quot;:&quot;classic&quot;}\">\n\t\t\t\t\t<div class=\"e-con-inner\">\n\t\t<div class=\"elementor-element elementor-element-e65ade3 e-flex e-con-boxed e-con e-child\" data-id=\"e65ade3\" data-element_type=\"container\" data-e-type=\"container\">\n\t\t\t\t\t<div class=\"e-con-inner\">\n\t\t\t\t<div class=\"elementor-element elementor-element-e2f43ff elementor-widget elementor-widget-heading\" data-id=\"e2f43ff\" data-element_type=\"widget\" data-e-type=\"widget\" data-widget_type=\"heading.default\">\n\t\t\t\t<div class=\"elementor-widget-container\">\n\t\t\t\t\t<h4 class=\"elementor-heading-title elementor-size-default\">B\u1ea1n c\u1ea7n t\u01b0 v\u1ea5n ?<\/h4>\t\t\t\t<\/div>\n\t\t\t\t<\/div>\n\t\t\t\t<div class=\"elementor-element elementor-element-00358e0 elementor-widget elementor-widget-heading\" data-id=\"00358e0\" data-element_type=\"widget\" data-e-type=\"widget\" data-widget_type=\"heading.default\">\n\t\t\t\t<div class=\"elementor-widget-container\">\n\t\t\t\t\t<h5 class=\"elementor-heading-title elementor-size-default\">Li\u00ean h\u1ec7 ngay \u00c1nh D\u01b0\u01a1ng Garden khi b\u1ea1n c\u1ea7n t\u01b0 v\u1ea5n b\u1ea5t c\u1ee9 v\u1ea5n \u0111\u1ec1 g\u00ec v\u1ec1 c\u00e2y c\u1ea3nh, c\u00e2y xanh....<\/h5>\t\t\t\t<\/div>\n\t\t\t\t<\/div>\n\t\t\t\t<div class=\"elementor-element elementor-element-43e6120 elementor-align-center elementor-widget elementor-widget-button\" data-id=\"43e6120\" data-element_type=\"widget\" data-e-type=\"widget\" data-widget_type=\"button.default\">\n\t\t\t\t<div class=\"elementor-widget-container\">\n\t\t\t\t\t\t\t\t\t<div class=\"elementor-button-wrapper\">\n\t\t\t\t\t<a class=\"elementor-button elementor-button-link elementor-size-sm\" href=\"#\">\n\t\t\t\t\t\t<span class=\"elementor-button-content-wrapper\">\n\t\t\t\t\t\t\t\t\t<span class=\"elementor-button-text\">Hotline:1900 0000<\/span>\n\t\t\t\t\t<\/span>\n\t\t\t\t\t<\/a>\n\t\t\t\t<\/div>\n\t\t\t\t\t\t\t\t<\/div>\n\t\t\t\t<\/div>\n\t\t\t\t\t<\/div>\n\t\t\t\t<\/div>\n\t\t\t\t\t<\/div>\n\t\t\t\t<\/div>\n\t\t\t\t<\/div>\n\t\t","protected":false},"excerpt":{"rendered":"<p>V\u1ec1 \u00c1nh D\u01b0\u01a1ng Garden \u00c1nh D\u01b0\u01a1ng Garden kh\u00f4ng ch\u1ec9 l\u00e0 m\u1ed9t c\u00f4ng ty c\u00e2y xanh, m\u00e0 c\u00f2n l\u00e0 m\u1ed9t c\u1ed9ng \u0111\u1ed3ng \u0111am m\u00ea v\u1edbi s\u1ee9 m\u1ec7nh t\u1ea1o ra nh\u1eefng kh\u00f4ng gian s\u1ed1ng xanh, l\u00e0nh m\u1ea1nh v\u00e0 b\u1ec1n v\u1eefng. V\u1edbi ni\u1ec1m tin r\u1eb1ng c\u00e2y xanh kh\u00f4ng ch\u1ec9 l\u00e0 ph\u1ea7n c\u1ee7a thi\u00ean nhi\u00ean m\u00e0 c\u00f2n l\u00e0 &#8220;nh\u00e2n [&hellip;]<\/p>\n","protected":false},"author":1,"featured_media":0,"parent":0,"menu_order":0,"comment_status":"closed","ping_status":"closed","template":"","meta":{"site-sidebar-layout":"no-sidebar","site-content-layout":"page-builder","ast-site-content-layout":"full-width-container","site-content-style":"unboxed","site-sidebar-style":"unboxed","ast-global-header-display":"","ast-banner-title-visibility":"","ast-main-header-display":"","ast-hfb-above-header-display":"","ast-hfb-below-header-display":"","ast-hfb-mobile-header-display":"","site-post-title":"disabled","ast-breadcrumbs-content":"","ast-featured-img":"disabled","footer-sml-layout":"","ast-disable-related-posts":"","theme-transparent-header-meta":"default","adv-header-id-meta":"","stick-header-meta":"","header-above-stick-meta":"","header-main-stick-meta":"","header-below-stick-meta":"","astra-migrate-meta-layouts":"set","ast-page-background-enabled":"default","ast-page-background-meta":{"desktop":{"background-color":"","background-image":"","background-repeat":"repeat","background-position":"center center","background-size":"auto","background-attachment":"scroll","background-type":"","background-media":"","overlay-type":"","overlay-color":"","overlay-opacity":"","overlay-gradient":""},"tablet":{"background-color":"","background-image":"","background-repeat":"repeat","background-position":"center center","background-size":"auto","background-attachment":"scroll","background-type":"","background-media":"","overlay-type":"","overlay-color":"","overlay-opacity":"","overlay-gradient":""},"mobile":{"background-color":"","background-image":"","background-repeat":"repeat","background-position":"center center","background-size":"auto","background-attachment":"scroll","background-type":"","background-media":"","overlay-type":"","overlay-color":"","overlay-opacity":"","overlay-gradient":""}},"ast-content-background-meta":{"desktop":{"background-color":"var(--ast-global-color-5)","background-image":"","background-repeat":"repeat","background-position":"center center","background-size":"auto","background-attachment":"scroll","background-type":"","background-media":"","overlay-type":"","overlay-color":"","overlay-opacity":"","overlay-gradient":""},"tablet":{"background-color":"var(--ast-global-color-5)","background-image":"","background-repeat":"repeat","background-position":"center center","background-size":"auto","background-attachment":"scroll","background-type":"","background-media":"","overlay-type":"","overlay-color":"","overlay-opacity":"","overlay-gradient":""},"mobile":{"background-color":"var(--ast-global-color-5)","background-image":"","background-repeat":"repeat","background-position":"center center","background-size":"auto","background-attachment":"scroll","background-type":"","background-media":"","overlay-type":"","overlay-color":"","overlay-opacity":"","overlay-gradient":""}},"footnotes":""},"class_list":["post-2103","page","type-page","status-publish","hentry"],"_links":{"self":[{"href":"https:\/\/shop.webio.vn\/2\/wp-json\/wp\/v2\/pages\/2103","targetHints":{"allow":["GET"]}}],"collection":[{"href":"https:\/\/shop.webio.vn\/2\/wp-json\/wp\/v2\/pages"}],"about":[{"href":"https:\/\/shop.webio.vn\/2\/wp-json\/wp\/v2\/types\/page"}],"author":[{"embeddable":true,"href":"https:\/\/shop.webio.vn\/2\/wp-json\/wp\/v2\/users\/1"}],"replies":[{"embeddable":true,"href":"https:\/\/shop.webio.vn\/2\/wp-json\/wp\/v2\/comments?post=2103"}],"version-history":[{"count":41,"href":"https:\/\/shop.webio.vn\/2\/wp-json\/wp\/v2\/pages\/2103\/revisions"}],"predecessor-version":[{"id":2420,"href":"https:\/\/shop.webio.vn\/2\/wp-json\/wp\/v2\/pages\/2103\/revisions\/2420"}],"wp:attachment":[{"href":"https:\/\/shop.webio.vn\/2\/wp-json\/wp\/v2\/media?parent=2103"}],"curies":[{"name":"wp","href":"https:\/\/api.w.org\/{rel}","templated":true}]}}