{"id":1990,"date":"2023-12-19T11:46:30","date_gmt":"2023-12-19T11:46:30","guid":{"rendered":"https:\/\/shop.webio.vn\/2\/san-pham\/phu-quy-2\/"},"modified":"2024-01-19T15:57:19","modified_gmt":"2024-01-19T15:57:19","slug":"phu-quy-2","status":"publish","type":"product","link":"https:\/\/shop.webio.vn\/2\/san-pham\/phu-quy-2\/","title":{"rendered":"Ph\u00fa Qu\u00fd \u0110\u1ec3 B\u00e0n"},"content":{"rendered":"<p dir=\"\\&quot;ltr\\&quot;\">C\u00e2y Ph\u00fa Qu\u00fd c\u00f3 l\u00e1 m\u00e0u xanh vi\u1ec1n \u0111\u1ecf r\u1ea5t b\u1eaft m\u1eaft. C\u00e2y c\u00f3 s\u1ee9c s\u1ed1ng t\u1ed1t, sinh tr\u01b0\u1edfng nhanh v\u00e0 d\u1ec5 ch\u0103m s\u00f3c. C\u00e2y s\u1ed1ng \u0111\u01b0\u1ee3c trong c\u1ea3 m\u00f4i tr\u01b0\u1eddng \u0111\u1ea5t v\u00e0 th\u1ee7y sinh.<\/p>\n<p dir=\"\\&quot;ltr\\&quot;\">C\u00e2y c\u00f3 h\u00ecnh d\u00e1ng nh\u1ecf nh\u1eafn n\u00ean r\u1ea5t d\u1ec5 l\u1ef1a ch\u1ecdn \u0111\u1eb7t v\u1ecb tr\u00ed cho c\u00e2y. M\u1eb7t kh\u00e1c \u0111\u00e2y l\u00e0 lo\u00e0i c\u00e2y \u01b0a b\u00f3ng l\u00ean th\u00edch nghi r\u1ea5t t\u1ed1t khi b\u1ea1n trang tr\u00ed trong ph\u00f2ng l\u00e0m vi\u1ec7c, n\u1ed9i th\u1ea5t ph\u00f2ng kh\u00e1ch hay v\u0103n ph\u00f2ng.<\/p>\n","protected":false},"excerpt":{"rendered":"<ul>\n<li>\u0110\u1ed5i tr\u1ea3 n\u1ebfu kh\u00f4ng h\u00e0i l\u00f2ng<\/li>\n<li>D\u1ecbch v\u1ee5 h\u1eadu m\u00e3i chu \u0111\u00e1o<\/li>\n<li>Hotline: 0909 000 000<\/li>\n<\/ul>\n","protected":false},"featured_media":1995,"comment_status":"open","ping_status":"closed","template":"","meta":{"site-sidebar-layout":"default","site-content-layout":"default","ast-site-content-layout":"default","site-content-style":"default","site-sidebar-style":"default","ast-global-header-display":"","ast-banner-title-visibility":"","ast-main-header-display":"","ast-hfb-above-header-display":"","ast-hfb-below-header-display":"","ast-hfb-mobile-header-display":"","site-post-title":"","ast-breadcrumbs-content":"","ast-featured-img":"","footer-sml-layout":"","ast-disable-related-posts":"","theme-transparent-header-meta":"default","adv-header-id-meta":"","stick-header-meta":"","header-above-stick-meta":"","header-main-stick-meta":"","header-below-stick-meta":"","astra-migrate-meta-layouts":"set","ast-page-background-enabled":"default","ast-page-background-meta":{"desktop":{"background-color":"","background-image":"","background-repeat":"repeat","background-position":"center center","background-size":"auto","background-attachment":"scroll","background-type":"","background-media":"","overlay-type":"","overlay-color":"","overlay-opacity":"","overlay-gradient":""},"tablet":{"background-color":"","background-image":"","background-repeat":"repeat","background-position":"center center","background-size":"auto","background-attachment":"scroll","background-type":"","background-media":"","overlay-type":"","overlay-color":"","overlay-opacity":"","overlay-gradient":""},"mobile":{"background-color":"","background-image":"","background-repeat":"repeat","background-position":"center center","background-size":"auto","background-attachment":"scroll","background-type":"","background-media":"","overlay-type":"","overlay-color":"","overlay-opacity":"","overlay-gradient":""}},"ast-content-background-meta":{"desktop":{"background-color":"var(--ast-global-color-5)","background-image":"","background-repeat":"repeat","background-position":"center center","background-size":"auto","background-attachment":"scroll","background-type":"","background-media":"","overlay-type":"","overlay-color":"","overlay-opacity":"","overlay-gradient":""},"tablet":{"background-color":"var(--ast-global-color-5)","background-image":"","background-repeat":"repeat","background-position":"center center","background-size":"auto","background-attachment":"scroll","background-type":"","background-media":"","overlay-type":"","overlay-color":"","overlay-opacity":"","overlay-gradient":""},"mobile":{"background-color":"var(--ast-global-color-5)","background-image":"","background-repeat":"repeat","background-position":"center center","background-size":"auto","background-attachment":"scroll","background-type":"","background-media":"","overlay-type":"","overlay-color":"","overlay-opacity":"","overlay-gradient":""}}},"product_brand":[],"product_cat":[26,28],"product_tag":[],"class_list":{"0":"post-1990","1":"product","2":"type-product","3":"status-publish","4":"has-post-thumbnail","6":"product_cat-cay-cong-trinh","7":"product_cat-cay-trang-tri","8":"desktop-align-left","9":"tablet-align-left","10":"mobile-align-left","12":"first","13":"instock","14":"shipping-taxable","15":"purchasable","16":"product-type-simple"},"_links":{"self":[{"href":"https:\/\/shop.webio.vn\/2\/wp-json\/wp\/v2\/product\/1990","targetHints":{"allow":["GET"]}}],"collection":[{"href":"https:\/\/shop.webio.vn\/2\/wp-json\/wp\/v2\/product"}],"about":[{"href":"https:\/\/shop.webio.vn\/2\/wp-json\/wp\/v2\/types\/product"}],"replies":[{"embeddable":true,"href":"https:\/\/shop.webio.vn\/2\/wp-json\/wp\/v2\/comments?post=1990"}],"wp:featuredmedia":[{"embeddable":true,"href":"https:\/\/shop.webio.vn\/2\/wp-json\/wp\/v2\/media\/1995"}],"wp:attachment":[{"href":"https:\/\/shop.webio.vn\/2\/wp-json\/wp\/v2\/media?parent=1990"}],"wp:term":[{"taxonomy":"product_brand","embeddable":true,"href":"https:\/\/shop.webio.vn\/2\/wp-json\/wp\/v2\/product_brand?post=1990"},{"taxonomy":"product_cat","embeddable":true,"href":"https:\/\/shop.webio.vn\/2\/wp-json\/wp\/v2\/product_cat?post=1990"},{"taxonomy":"product_tag","embeddable":true,"href":"https:\/\/shop.webio.vn\/2\/wp-json\/wp\/v2\/product_tag?post=1990"}],"curies":[{"name":"wp","href":"https:\/\/api.w.org\/{rel}","templated":true}]}}