{"id":15605,"date":"2024-02-21T09:38:06","date_gmt":"2024-02-21T09:38:06","guid":{"rendered":"https:\/\/shop.webio.vn\/5\/?post_type=product&#038;p=15605"},"modified":"2024-02-22T02:20:35","modified_gmt":"2024-02-22T02:20:35","slug":"balo-vai-jean","status":"publish","type":"product","link":"https:\/\/shop.webio.vn\/5\/san-pham\/balo-vai-jean\/","title":{"rendered":"Balo v\u1ea3i Jean Adventure"},"content":{"rendered":"<p>Ba l\u00f4 &#8216;Adventure Explorer&#8217; l\u00e0 s\u1ef1 k\u1ebft h\u1ee3p ho\u00e0n h\u1ea3o gi\u1eefa thi\u1ebft k\u1ebf hi\u1ec7n \u0111\u1ea1i v\u00e0 t\u00ednh n\u0103ng \u0111a d\u1ea1ng, l\u00e0 ng\u01b0\u1eddi b\u1ea1n \u0111\u1ed3ng h\u00e0nh \u0111\u00e1ng tin c\u1eady cho m\u1ecdi chuy\u1ebfn h\u00e0nh tr\u00ecnh. V\u1edbi ch\u1ea5t li\u1ec7u v\u1ea3i ch\u1ed1ng th\u1ea5m n\u01b0\u1edbc v\u00e0 ch\u1ed1ng r\u00e1ch, ba l\u00f4 n\u00e0y kh\u00f4ng ch\u1ec9 b\u1ec1n b\u1ec9 m\u00e0 c\u00f2n gi\u00fap b\u1ea3o v\u1ec7 \u0111\u1ed3 \u0111\u1ea1c b\u00ean trong trong m\u1ecdi \u0111i\u1ec1u ki\u1ec7n th\u1eddi ti\u1ebft. Thi\u1ebft k\u1ebf ki\u1ec3u d\u00e1ng th\u1eddi trang v\u1edbi nhi\u1ec1u ng\u0103n nh\u1ecf ti\u1ec7n \u00edch, gi\u00fap b\u1ea1n d\u1ec5 d\u00e0ng t\u1ed5 ch\u1ee9c v\u00e0 l\u01b0u tr\u1eef c\u00e1c v\u1eadt d\u1ee5ng c\u00e1 nh\u00e2n nh\u01b0 \u0111i\u1ec7n tho\u1ea1i, v\u00ed ti\u1ec1n, ho\u1eb7c chai n\u01b0\u1edbc. B\u00ean c\u1ea1nh \u0111\u00f3, ph\u1ea7n l\u01b0ng v\u00e0 d\u00e2y \u0111eo c\u00f3 \u0111\u1ec7m d\u00e0y gi\u00fap gi\u1ea3m \u00e1p l\u1ef1c khi mang tr\u00ean vai, t\u1ea1o c\u1ea3m gi\u00e1c tho\u1ea3i m\u00e1i su\u1ed1t c\u1ea3 ng\u00e0y d\u00e0i. Ba l\u00f4 &#8216;Adventure Explorer&#8217; kh\u00f4ng ch\u1ec9 l\u00e0 m\u1ed9t s\u1ea3n ph\u1ea9m th\u1eddi trang m\u00e0 c\u00f2n l\u00e0 m\u1ed9t tr\u1ee3 th\u1ee7 \u0111\u00e1ng tin c\u1eady trong m\u1ecdi cu\u1ed9c phi\u00eau l\u01b0u v\u00e0 kh\u00e1m ph\u00e1.<\/p>\n<p>By ChatGPT.<\/p>\n","protected":false},"excerpt":{"rendered":"<p><strong>K\u00edch th\u01b0\u1edbc:<\/strong><br \/>\nBalo 15.6 inch: 30 x 42 x 19cm, tr\u1ecdng l\u01b0\u1ee3ng: 1kg<br \/>\nBalo 17.3 inch: 31 x 48 x 19cm, tr\u1ecdng l\u01b0\u1ee3ng: 1.15kg<br \/>\n<strong>M\u00e0u s\u1eafc<\/strong>: Oxford b\u00f3ng, Oxford m\u1edd<br \/>\n<strong>Th\u01b0\u01a1ng hi\u1ec7u<\/strong>: 3FSTUDIO<br \/>\n<strong>Ch\u1ea5t li\u1ec7u<\/strong>: V\u1ea3i Oxford cao c\u1ea5p<br \/>\n<strong>Lo\u1ea1i kh\u00f3a<\/strong>: H\u1ee3p kim ch\u1ed1ng r\u1ec9<br \/>\n<strong>C\u00f4ng n\u0103ng<\/strong>: Du l\u1ecbch v\u00e0 ph\u01b0\u1ee3t<\/p>\n","protected":false},"featured_media":15607,"comment_status":"open","ping_status":"closed","template":"","meta":[],"product_brand":[],"product_cat":[89,78],"product_tag":[],"class_list":{"0":"post-15605","1":"product","2":"type-product","3":"status-publish","4":"has-post-thumbnail","6":"product_cat-balo","7":"product_cat-phu-kien","9":"first","10":"instock","11":"sale","12":"shipping-taxable","13":"purchasable","14":"product-type-simple"},"_links":{"self":[{"href":"https:\/\/shop.webio.vn\/5\/wp-json\/wp\/v2\/product\/15605","targetHints":{"allow":["GET"]}}],"collection":[{"href":"https:\/\/shop.webio.vn\/5\/wp-json\/wp\/v2\/product"}],"about":[{"href":"https:\/\/shop.webio.vn\/5\/wp-json\/wp\/v2\/types\/product"}],"replies":[{"embeddable":true,"href":"https:\/\/shop.webio.vn\/5\/wp-json\/wp\/v2\/comments?post=15605"}],"wp:featuredmedia":[{"embeddable":true,"href":"https:\/\/shop.webio.vn\/5\/wp-json\/wp\/v2\/media\/15607"}],"wp:attachment":[{"href":"https:\/\/shop.webio.vn\/5\/wp-json\/wp\/v2\/media?parent=15605"}],"wp:term":[{"taxonomy":"product_brand","embeddable":true,"href":"https:\/\/shop.webio.vn\/5\/wp-json\/wp\/v2\/product_brand?post=15605"},{"taxonomy":"product_cat","embeddable":true,"href":"https:\/\/shop.webio.vn\/5\/wp-json\/wp\/v2\/product_cat?post=15605"},{"taxonomy":"product_tag","embeddable":true,"href":"https:\/\/shop.webio.vn\/5\/wp-json\/wp\/v2\/product_tag?post=15605"}],"curies":[{"name":"wp","href":"https:\/\/api.w.org\/{rel}","templated":true}]}}